{"id":2229,"date":"2025-10-17T15:33:26","date_gmt":"2025-10-17T15:33:26","guid":{"rendered":"https:\/\/www.alessainmobiliaria.es\/?page_id=2229"},"modified":"2025-10-17T15:56:59","modified_gmt":"2025-10-17T15:56:59","slug":"aviso-legal","status":"publish","type":"page","link":"https:\/\/www.alessainmobiliaria.es\/index.php\/aviso-legal\/","title":{"rendered":"Aviso legal"},"content":{"rendered":"\n<p><strong>1. Datos t\u00e9cnicos de la empresa y de contacto<\/strong><\/p>\n\n\n\n<p><strong>Informaci\u00f3n sobre el titular del sitio web<\/strong><\/p>\n\n\n\n<ul class=\"wp-block-list\">\n<li><strong>Raz\u00f3n social<\/strong>: Proboin, S.L.<\/li>\n\n\n\n<li><strong>CIF\/NIF:\u00a0\u00a0<\/strong>B15981004<\/li>\n\n\n\n<li><strong>Domicilio social:\u00a0<\/strong>Calle Vimieiro, s\/n, 15930 Boiro, A Coru\u00f1a<\/li>\n\n\n\n<li><strong>Tel\u00e9fono:\u00a0<\/strong>981 849 917 \u2013 981 849 918<\/li>\n\n\n\n<li><strong>E-mail:\u00a0<\/strong>mari@proboin.com<\/li>\n\n\n\n<li><strong>Registro Mercantil de:<\/strong>\u00a0Sociedad inscrita en el Registro Mercantil de La Coru\u00f1a, Tomo 2.944. Folio 89. Hoja C-35.155. Inscripci\u00f3n 1\u00aa.<\/li>\n<\/ul>\n\n\n\n<p><strong>2. Derechos de Propiedad Intelectual<\/strong><\/p>\n\n\n\n<p>Todos los contenidos del sitio web, incluyendo, sin car\u00e1cter limitativo, bases de datos, im\u00e1genes y fotograf\u00edas, dibujos, gr\u00e1ficos y archivos de texto, son propiedad de Proboin, S.L., en adelante \u201cel Titular\u201d o de los proveedores de contenidos, habiendo sido, en este \u00faltimo caso, objeto de licencia o cesi\u00f3n por parte de los mismos, y est\u00e1n protegidos por las normas nacionales o internacionales de propiedad intelectual. La recopilaci\u00f3n, dise\u00f1o, ordenaci\u00f3n y montaje de todo el contenido del sitio web es propiedad exclusiva del Titular y se encuentra protegida por las normas nacionales e internacionales de propiedad industrial e intelectual.<\/p>\n\n\n\n<p>Las marcas, r\u00f3tulos, signos distintivos o logos del sitio web son titularidad del Titular y est\u00e1n debidamente registrados.<\/p>\n\n\n\n<p>Los textos, datos y dibujos gr\u00e1ficos son propiedad del Titular o de las entidades proveedoras de informaci\u00f3n, no pudiendo ser objeto de ulterior modificaci\u00f3n, copia, transformaci\u00f3n, alteraci\u00f3n, reproducci\u00f3n, adaptaci\u00f3n o traducci\u00f3n por parte de terceros, sin la expresa autorizaci\u00f3n por parte del titular de dicho contenido. La puesta a disposici\u00f3n de los textos, datos y dibujos gr\u00e1ficos no implica, en ning\u00fan caso, la cesi\u00f3n de su titularidad o la concesi\u00f3n de un derecho de explotaci\u00f3n, reproducci\u00f3n, difusi\u00f3n, transformaci\u00f3n, distribuci\u00f3n, o transmisi\u00f3n a su favor, distinto del derecho de uso que comporta la utilizaci\u00f3n leg\u00edtima del sitio web.<\/p>\n\n\n\n<p><strong>3. Manifestaciones<\/strong><\/p>\n\n\n\n<p>El Titular manifiesta que este sitio web dispone de la tecnolog\u00eda adecuada para permitir el acceso y utilizaci\u00f3n del mismo. No obstante, no se responsabiliza por la eventual existencia de virus u otros elementos nocivos, introducidos por cualquier medio o por cualquier tercero, que puedan producir alteraciones en sus sistemas inform\u00e1ticos.<\/p>\n\n\n\n<p>El sitio web podr\u00eda contener inexactitudes, omisiones relevantes, imprecisiones o erratas. El Titular no garantiza, en ning\u00fan caso, la veracidad, exactitud y actualidad de los datos contenidos en su sitio web. El usuario que accede a la web exonera al Titular de cualquier responsabilidad en relaci\u00f3n con la fiabilidad, utilidad o falsas expectativas que este sitio web pudiera producirle.<\/p>\n\n\n\n<p><strong>4. Limitaci\u00f3n de responsabilidad<\/strong><\/p>\n\n\n\n<p>El Titular no ofrece garant\u00edas de ninguna clase en cuanto al funcionamiento del sitio web o a la informaci\u00f3n contenida en el mismo. El Titular no ser\u00e1 responsable de los da\u00f1os o perjuicios, de cualquier \u00edndole, que puedan derivarse del uso del sitio web.<\/p>\n\n\n\n<p>El Titular excluye toda responsabilidad por la licitud, contenido y calidad de los datos e informaciones ofrecidos por terceras entidades a trav\u00e9s del sitio web.<\/p>\n\n\n\n<p><strong>5. Enlaces e hiperv\u00ednculos<\/strong><\/p>\n\n\n\n<p>Los titulares de otros sitios web que deseen crear un hiperv\u00ednculo al presente sitio web, se comprometen a no establecer enlaces a sitios web en los que no aparezca el logotipo del Titular y a no realizar manifestaciones falsas, inexactas o incorrectas, que puedan inducir a error o, en general, que sean contrarias a las leyes.<\/p>\n\n\n\n<p>Los titulares de otros sitios web que deseen crear un hiperv\u00ednculo a la web del Titular se comprometen, asimismo, a no establecer hiperv\u00ednculos con sitios web que contengan contenidos, manifestaciones o propaganda de \u00edndole racista, xen\u00f3foba, pornogr\u00e1fica, de apolog\u00eda del terrorismo y, en general, puedan perjudicar de cualquier modo el buen nombre o la imagen del Titular.<\/p>\n\n\n\n<p>La inclusi\u00f3n de hiperv\u00ednculos en la presente web no implica necesariamente que su Titular mantenga relaciones mercantiles o v\u00ednculos asociativos con el titular del sitio web en la que se establezca el enlace.<\/p>\n\n\n\n<p>La presencia de hiperv\u00ednculos en la presente web tiene una finalidad meramente informativa, motivo por el cual, el Titular no se responsabiliza ni otorga garant\u00eda de ninguna naturaleza, ni expresa ni impl\u00edcita respecto a la comerciabilidad, idoneidad, calidad, caracter\u00edsticas, procedencia, comercializaci\u00f3n o cualquier otro aspecto de las informaciones y\/o productos y\/o servicios que se ofrezcan a trav\u00e9s del sitio web referenciado.<\/p>\n","protected":false},"excerpt":{"rendered":"<p>1. Datos t\u00e9cnicos de la empresa y de contacto Informaci\u00f3n sobre el titular del sitio web 2. Derechos de Propiedad Intelectual Todos los contenidos del sitio web, incluyendo, sin car\u00e1cter limitativo, bases de datos, im\u00e1genes y fotograf\u00edas, dibujos, gr\u00e1ficos y archivos de texto, son propiedad de Proboin, S.L., en adelante \u201cel Titular\u201d o de los [&hellip;]<\/p>\n","protected":false},"author":1,"featured_media":0,"parent":0,"menu_order":0,"comment_status":"closed","ping_status":"closed","template":"","meta":{"footnotes":""},"class_list":["post-2229","page","type-page","status-publish","hentry"],"yoast_head":"<!-- This site is optimized with the Yoast SEO plugin v26.2 - https:\/\/yoast.com\/wordpress\/plugins\/seo\/ -->\n<title>Aviso legal - Alessa inmobiliaria<\/title>\n<meta name=\"robots\" content=\"index, follow, max-snippet:-1, max-image-preview:large, max-video-preview:-1\" \/>\n<link rel=\"canonical\" href=\"https:\/\/www.alessainmobiliaria.es\/index.php\/aviso-legal\/\" \/>\n<meta property=\"og:locale\" content=\"es_ES\" \/>\n<meta property=\"og:type\" content=\"article\" \/>\n<meta property=\"og:title\" content=\"Aviso legal - Alessa inmobiliaria\" \/>\n<meta property=\"og:description\" content=\"1. Datos t\u00e9cnicos de la empresa y de contacto Informaci\u00f3n sobre el titular del sitio web 2. Derechos de Propiedad Intelectual Todos los contenidos del sitio web, incluyendo, sin car\u00e1cter limitativo, bases de datos, im\u00e1genes y fotograf\u00edas, dibujos, gr\u00e1ficos y archivos de texto, son propiedad de Proboin, S.L., en adelante \u201cel Titular\u201d o de los [&hellip;]\" \/>\n<meta property=\"og:url\" content=\"https:\/\/www.alessainmobiliaria.es\/index.php\/aviso-legal\/\" \/>\n<meta property=\"og:site_name\" content=\"Alessa inmobiliaria\" \/>\n<meta property=\"article:modified_time\" content=\"2025-10-17T15:56:59+00:00\" \/>\n<meta property=\"og:image\" content=\"https:\/\/www.alessainmobiliaria.es\/wp-content\/uploads\/2023\/02\/LOGO-ALESSA-original.jpg\" \/>\n\t<meta property=\"og:image:width\" content=\"1545\" \/>\n\t<meta property=\"og:image:height\" content=\"562\" \/>\n\t<meta property=\"og:image:type\" content=\"image\/jpeg\" \/>\n<meta name=\"twitter:card\" content=\"summary_large_image\" \/>\n<meta name=\"twitter:label1\" content=\"Tiempo de lectura\" \/>\n\t<meta name=\"twitter:data1\" content=\"4 minutos\" \/>\n<script type=\"application\/ld+json\" class=\"yoast-schema-graph\">{\"@context\":\"https:\/\/schema.org\",\"@graph\":[{\"@type\":\"WebPage\",\"@id\":\"https:\/\/www.alessainmobiliaria.es\/index.php\/aviso-legal\/\",\"url\":\"https:\/\/www.alessainmobiliaria.es\/index.php\/aviso-legal\/\",\"name\":\"Aviso legal - Alessa inmobiliaria\",\"isPartOf\":{\"@id\":\"https:\/\/www.alessainmobiliaria.es\/#website\"},\"datePublished\":\"2025-10-17T15:33:26+00:00\",\"dateModified\":\"2025-10-17T15:56:59+00:00\",\"breadcrumb\":{\"@id\":\"https:\/\/www.alessainmobiliaria.es\/index.php\/aviso-legal\/#breadcrumb\"},\"inLanguage\":\"es\",\"potentialAction\":[{\"@type\":\"ReadAction\",\"target\":[\"https:\/\/www.alessainmobiliaria.es\/index.php\/aviso-legal\/\"]}]},{\"@type\":\"BreadcrumbList\",\"@id\":\"https:\/\/www.alessainmobiliaria.es\/index.php\/aviso-legal\/#breadcrumb\",\"itemListElement\":[{\"@type\":\"ListItem\",\"position\":1,\"name\":\"Portada\",\"item\":\"https:\/\/www.alessainmobiliaria.es\/\"},{\"@type\":\"ListItem\",\"position\":2,\"name\":\"Aviso legal\"}]},{\"@type\":\"WebSite\",\"@id\":\"https:\/\/www.alessainmobiliaria.es\/#website\",\"url\":\"https:\/\/www.alessainmobiliaria.es\/\",\"name\":\"Alessa inmobiliaria\",\"description\":\"Alessa inmobiliaria\",\"publisher\":{\"@id\":\"https:\/\/www.alessainmobiliaria.es\/#organization\"},\"potentialAction\":[{\"@type\":\"SearchAction\",\"target\":{\"@type\":\"EntryPoint\",\"urlTemplate\":\"https:\/\/www.alessainmobiliaria.es\/?s={search_term_string}\"},\"query-input\":{\"@type\":\"PropertyValueSpecification\",\"valueRequired\":true,\"valueName\":\"search_term_string\"}}],\"inLanguage\":\"es\"},{\"@type\":\"Organization\",\"@id\":\"https:\/\/www.alessainmobiliaria.es\/#organization\",\"name\":\"Alessa inmobiliaria\",\"url\":\"https:\/\/www.alessainmobiliaria.es\/\",\"logo\":{\"@type\":\"ImageObject\",\"inLanguage\":\"es\",\"@id\":\"https:\/\/www.alessainmobiliaria.es\/#\/schema\/logo\/image\/\",\"url\":\"https:\/\/www.alessainmobiliaria.es\/wp-content\/uploads\/2023\/02\/LOGOALESSA.png\",\"contentUrl\":\"https:\/\/www.alessainmobiliaria.es\/wp-content\/uploads\/2023\/02\/LOGOALESSA.png\",\"width\":1545,\"height\":562,\"caption\":\"Alessa inmobiliaria\"},\"image\":{\"@id\":\"https:\/\/www.alessainmobiliaria.es\/#\/schema\/logo\/image\/\"}}]}<\/script>\n<!-- \/ Yoast SEO plugin. -->","yoast_head_json":{"title":"Aviso legal - Alessa inmobiliaria","robots":{"index":"index","follow":"follow","max-snippet":"max-snippet:-1","max-image-preview":"max-image-preview:large","max-video-preview":"max-video-preview:-1"},"canonical":"https:\/\/www.alessainmobiliaria.es\/index.php\/aviso-legal\/","og_locale":"es_ES","og_type":"article","og_title":"Aviso legal - Alessa inmobiliaria","og_description":"1. Datos t\u00e9cnicos de la empresa y de contacto Informaci\u00f3n sobre el titular del sitio web 2. Derechos de Propiedad Intelectual Todos los contenidos del sitio web, incluyendo, sin car\u00e1cter limitativo, bases de datos, im\u00e1genes y fotograf\u00edas, dibujos, gr\u00e1ficos y archivos de texto, son propiedad de Proboin, S.L., en adelante \u201cel Titular\u201d o de los [&hellip;]","og_url":"https:\/\/www.alessainmobiliaria.es\/index.php\/aviso-legal\/","og_site_name":"Alessa inmobiliaria","article_modified_time":"2025-10-17T15:56:59+00:00","og_image":[{"width":1545,"height":562,"url":"https:\/\/www.alessainmobiliaria.es\/wp-content\/uploads\/2023\/02\/LOGO-ALESSA-original.jpg","type":"image\/jpeg"}],"twitter_card":"summary_large_image","twitter_misc":{"Tiempo de lectura":"4 minutos"},"schema":{"@context":"https:\/\/schema.org","@graph":[{"@type":"WebPage","@id":"https:\/\/www.alessainmobiliaria.es\/index.php\/aviso-legal\/","url":"https:\/\/www.alessainmobiliaria.es\/index.php\/aviso-legal\/","name":"Aviso legal - Alessa inmobiliaria","isPartOf":{"@id":"https:\/\/www.alessainmobiliaria.es\/#website"},"datePublished":"2025-10-17T15:33:26+00:00","dateModified":"2025-10-17T15:56:59+00:00","breadcrumb":{"@id":"https:\/\/www.alessainmobiliaria.es\/index.php\/aviso-legal\/#breadcrumb"},"inLanguage":"es","potentialAction":[{"@type":"ReadAction","target":["https:\/\/www.alessainmobiliaria.es\/index.php\/aviso-legal\/"]}]},{"@type":"BreadcrumbList","@id":"https:\/\/www.alessainmobiliaria.es\/index.php\/aviso-legal\/#breadcrumb","itemListElement":[{"@type":"ListItem","position":1,"name":"Portada","item":"https:\/\/www.alessainmobiliaria.es\/"},{"@type":"ListItem","position":2,"name":"Aviso legal"}]},{"@type":"WebSite","@id":"https:\/\/www.alessainmobiliaria.es\/#website","url":"https:\/\/www.alessainmobiliaria.es\/","name":"Alessa inmobiliaria","description":"Alessa inmobiliaria","publisher":{"@id":"https:\/\/www.alessainmobiliaria.es\/#organization"},"potentialAction":[{"@type":"SearchAction","target":{"@type":"EntryPoint","urlTemplate":"https:\/\/www.alessainmobiliaria.es\/?s={search_term_string}"},"query-input":{"@type":"PropertyValueSpecification","valueRequired":true,"valueName":"search_term_string"}}],"inLanguage":"es"},{"@type":"Organization","@id":"https:\/\/www.alessainmobiliaria.es\/#organization","name":"Alessa inmobiliaria","url":"https:\/\/www.alessainmobiliaria.es\/","logo":{"@type":"ImageObject","inLanguage":"es","@id":"https:\/\/www.alessainmobiliaria.es\/#\/schema\/logo\/image\/","url":"https:\/\/www.alessainmobiliaria.es\/wp-content\/uploads\/2023\/02\/LOGOALESSA.png","contentUrl":"https:\/\/www.alessainmobiliaria.es\/wp-content\/uploads\/2023\/02\/LOGOALESSA.png","width":1545,"height":562,"caption":"Alessa inmobiliaria"},"image":{"@id":"https:\/\/www.alessainmobiliaria.es\/#\/schema\/logo\/image\/"}}]}},"_links":{"self":[{"href":"https:\/\/www.alessainmobiliaria.es\/index.php\/wp-json\/wp\/v2\/pages\/2229","targetHints":{"allow":["GET"]}}],"collection":[{"href":"https:\/\/www.alessainmobiliaria.es\/index.php\/wp-json\/wp\/v2\/pages"}],"about":[{"href":"https:\/\/www.alessainmobiliaria.es\/index.php\/wp-json\/wp\/v2\/types\/page"}],"author":[{"embeddable":true,"href":"https:\/\/www.alessainmobiliaria.es\/index.php\/wp-json\/wp\/v2\/users\/1"}],"replies":[{"embeddable":true,"href":"https:\/\/www.alessainmobiliaria.es\/index.php\/wp-json\/wp\/v2\/comments?post=2229"}],"version-history":[{"count":2,"href":"https:\/\/www.alessainmobiliaria.es\/index.php\/wp-json\/wp\/v2\/pages\/2229\/revisions"}],"predecessor-version":[{"id":2238,"href":"https:\/\/www.alessainmobiliaria.es\/index.php\/wp-json\/wp\/v2\/pages\/2229\/revisions\/2238"}],"wp:attachment":[{"href":"https:\/\/www.alessainmobiliaria.es\/index.php\/wp-json\/wp\/v2\/media?parent=2229"}],"curies":[{"name":"wp","href":"https:\/\/api.w.org\/{rel}","templated":true}]}}